{"id":916,"date":"2020-03-12T09:26:28","date_gmt":"2020-03-12T09:26:28","guid":{"rendered":"https:\/\/icitech.webs.upv.es\/?page_id=916"},"modified":"2024-06-21T09:44:03","modified_gmt":"2024-06-21T09:44:03","slug":"laboratorio-de-quimica","status":"publish","type":"page","link":"https:\/\/icitech.webs.upv.es\/index.php\/home\/laboratorio-de-quimica\/","title":{"rendered":"Laboratorio de Qu\u00edmica"},"content":{"rendered":"<div><ss3-force-full-width data-overflow-x=\"body\" data-horizontal-selector=\"body\"><div class=\"n2-section-smartslider fitvidsignore \" data-ssid=\"6\" tabindex=\"0\" role=\"region\" aria-label=\"Slider\"><div id=\"n2-ss-6-align\" class=\"n2-ss-align\"><div class=\"n2-padding\"><div id=\"n2-ss-6\" data-creator=\"Smart Slider 3\" data-responsive=\"fullwidth\" class=\"n2-ss-slider n2-ow n2-has-hover n2notransition  \">\n        <div class=\"n2-ss-slider-1 n2_ss__touch_element n2-ow\">\n            <div class=\"n2-ss-slider-2 n2-ow\">\n                                                <div class=\"n2-ss-slider-3 n2-ow\">\n\n                    <div class=\"n2-ss-slide-backgrounds n2-ow-all\"><div class=\"n2-ss-slide-background\" data-public-id=\"1\" data-mode=\"fill\"><div class=\"n2-ss-slide-background-image\" data-blur=\"0\" data-opacity=\"100\" data-x=\"50\" data-y=\"50\" data-alt=\"\" data-title=\"\"><picture class=\"skip-lazy\" data-skip-lazy=\"1\"><img decoding=\"async\" src=\"\/\/icitech.webs.upv.es\/wp-content\/uploads\/2020\/03\/U0722447-1.jpg\" alt=\"\" title=\"\" loading=\"lazy\" class=\"skip-lazy\" data-skip-lazy=\"1\"><\/picture><\/div><div data-color=\"RGBA(255,255,255,0)\" style=\"background-color: RGBA(255,255,255,0);\" class=\"n2-ss-slide-background-color\"><\/div><\/div><\/div>                    <div class=\"n2-ss-slider-4 n2-ow\">\n                        <svg xmlns=\"http:\/\/www.w3.org\/2000\/svg\" viewBox=\"0 0 1200 200\" data-related-device=\"desktopPortrait\" class=\"n2-ow n2-ss-preserve-size n2-ss-preserve-size--slider n2-ss-slide-limiter\"><\/svg><div data-first=\"1\" data-slide-duration=\"0\" data-id=\"11\" data-slide-public-id=\"1\" data-title=\"QU\u00cdMICA\" class=\"n2-ss-slide n2-ow  n2-ss-slide-11\"><div role=\"note\" class=\"n2-ss-slide--focus\" tabindex=\"-1\">QU\u00cdMICA<\/div><div class=\"n2-ss-layers-container n2-ss-slide-limiter n2-ow\"><div class=\"n2-ss-layer n2-ow n-uc-zx4Hbb2dAWmS\" data-sstype=\"slide\" data-pm=\"default\"><\/div><\/div><\/div>                    <\/div>\n\n                                    <\/div>\n            <\/div>\n        <\/div>\n        <\/div><ss3-loader><\/ss3-loader><\/div><\/div><div class=\"n2_clear\"><\/div><\/div><\/ss3-force-full-width><\/div>\n\n\n<div style=\"height:80px\" aria-hidden=\"true\" class=\"wp-block-spacer\"><\/div>\n\n\n\n<h1 class=\"wp-block-heading has-vivid-red-color has-text-color\"><strong>LABORATORIO DE QU\u00cdMICA<\/strong><\/h1>\n\n\n\n<p>Se pueden realizar los siguientes tipos de an\u00e1lisis:<\/p>\n\n\n\n<ul class=\"wp-block-list\">\n<li>An\u00e1lisis t\u00e9rmico (TG\/ DTA).<\/li>\n\n\n\n<li>Granulometr\u00eda por difracci\u00f3n l\u00e1ser.<\/li>\n\n\n\n<li>Polimetr\u00eda de conducci\u00f3n.<\/li>\n\n\n\n<li>Espectroscop\u00eda infrarroja.<\/li>\n\n\n\n<li>Viscosidad.<\/li>\n\n\n\n<li>Acondicionamiento de muestras.<\/li>\n<\/ul>\n\n\n\n<div style=\"height:40px\" aria-hidden=\"true\" class=\"wp-block-spacer\"><\/div>\n\n\n\n<figure class=\"wp-block-gallery has-nested-images columns-4 is-cropped wp-block-gallery-1 is-layout-flex wp-block-gallery-is-layout-flex\">\n<figure class=\"wp-block-image size-full\"><img loading=\"lazy\" decoding=\"async\" width=\"1013\" height=\"675\" data-id=\"4481\" src=\"https:\/\/icitech.webs.upv.es\/wp-content\/uploads\/2024\/06\/Pruebas-quimicas.webp\" alt=\"Pruebas qu\u00edmicas\" class=\"wp-image-4481\" srcset=\"https:\/\/icitech.webs.upv.es\/wp-content\/uploads\/2024\/06\/Pruebas-quimicas.webp 1013w, https:\/\/icitech.webs.upv.es\/wp-content\/uploads\/2024\/06\/Pruebas-quimicas-300x200.webp 300w, https:\/\/icitech.webs.upv.es\/wp-content\/uploads\/2024\/06\/Pruebas-quimicas-768x512.webp 768w, https:\/\/icitech.webs.upv.es\/wp-content\/uploads\/2024\/06\/Pruebas-quimicas-570x380.webp 570w, https:\/\/icitech.webs.upv.es\/wp-content\/uploads\/2024\/06\/Pruebas-quimicas-380x254.webp 380w, https:\/\/icitech.webs.upv.es\/wp-content\/uploads\/2024\/06\/Pruebas-quimicas-285x190.webp 285w\" sizes=\"auto, (max-width: 1013px) 100vw, 1013px\" \/><\/figure>\n\n\n\n<figure class=\"wp-block-image size-full\"><img loading=\"lazy\" decoding=\"async\" width=\"1013\" height=\"675\" data-id=\"4483\" src=\"https:\/\/icitech.webs.upv.es\/wp-content\/uploads\/2024\/06\/Trabajador-del-laboratorio-de-quimica.webp\" alt=\"Trabajador del laboratorio de qu\u00edmica\" class=\"wp-image-4483\" srcset=\"https:\/\/icitech.webs.upv.es\/wp-content\/uploads\/2024\/06\/Trabajador-del-laboratorio-de-quimica.webp 1013w, https:\/\/icitech.webs.upv.es\/wp-content\/uploads\/2024\/06\/Trabajador-del-laboratorio-de-quimica-300x200.webp 300w, https:\/\/icitech.webs.upv.es\/wp-content\/uploads\/2024\/06\/Trabajador-del-laboratorio-de-quimica-768x512.webp 768w, https:\/\/icitech.webs.upv.es\/wp-content\/uploads\/2024\/06\/Trabajador-del-laboratorio-de-quimica-570x380.webp 570w, https:\/\/icitech.webs.upv.es\/wp-content\/uploads\/2024\/06\/Trabajador-del-laboratorio-de-quimica-380x254.webp 380w, https:\/\/icitech.webs.upv.es\/wp-content\/uploads\/2024\/06\/Trabajador-del-laboratorio-de-quimica-285x190.webp 285w\" sizes=\"auto, (max-width: 1013px) 100vw, 1013px\" \/><\/figure>\n\n\n\n<figure class=\"wp-block-image size-large\"><img loading=\"lazy\" decoding=\"async\" width=\"1013\" height=\"675\" data-id=\"1068\" src=\"https:\/\/icitech.webs.upv.es\/wp-content\/uploads\/2020\/03\/1QU\u00cdMICA.jpg\" alt=\"\" class=\"wp-image-1068\" srcset=\"https:\/\/icitech.webs.upv.es\/wp-content\/uploads\/2020\/03\/1QU\u00cdMICA.jpg 1013w, https:\/\/icitech.webs.upv.es\/wp-content\/uploads\/2020\/03\/1QU\u00cdMICA-300x200.jpg 300w, https:\/\/icitech.webs.upv.es\/wp-content\/uploads\/2020\/03\/1QU\u00cdMICA-768x512.jpg 768w, https:\/\/icitech.webs.upv.es\/wp-content\/uploads\/2020\/03\/1QU\u00cdMICA-570x380.jpg 570w, https:\/\/icitech.webs.upv.es\/wp-content\/uploads\/2020\/03\/1QU\u00cdMICA-380x254.jpg 380w, https:\/\/icitech.webs.upv.es\/wp-content\/uploads\/2020\/03\/1QU\u00cdMICA-285x190.jpg 285w\" sizes=\"auto, (max-width: 1013px) 100vw, 1013px\" \/><\/figure>\n\n\n\n<figure class=\"wp-block-image size-full\"><img loading=\"lazy\" decoding=\"async\" width=\"1013\" height=\"675\" data-id=\"4486\" src=\"https:\/\/icitech.webs.upv.es\/wp-content\/uploads\/2024\/06\/Zona-de-trabajo.webp\" alt=\"Zona de trabajo\" class=\"wp-image-4486\" srcset=\"https:\/\/icitech.webs.upv.es\/wp-content\/uploads\/2024\/06\/Zona-de-trabajo.webp 1013w, https:\/\/icitech.webs.upv.es\/wp-content\/uploads\/2024\/06\/Zona-de-trabajo-300x200.webp 300w, https:\/\/icitech.webs.upv.es\/wp-content\/uploads\/2024\/06\/Zona-de-trabajo-768x512.webp 768w, https:\/\/icitech.webs.upv.es\/wp-content\/uploads\/2024\/06\/Zona-de-trabajo-570x380.webp 570w, https:\/\/icitech.webs.upv.es\/wp-content\/uploads\/2024\/06\/Zona-de-trabajo-380x254.webp 380w, https:\/\/icitech.webs.upv.es\/wp-content\/uploads\/2024\/06\/Zona-de-trabajo-285x190.webp 285w\" sizes=\"auto, (max-width: 1013px) 100vw, 1013px\" \/><\/figure>\n<\/figure>\n\n\n\n<div style=\"height:80px\" aria-hidden=\"true\" class=\"wp-block-spacer\"><\/div>\n","protected":false},"excerpt":{"rendered":"<p>LABORATORIO DE QU\u00cdMICA Se pueden realizar los siguientes tipos de an\u00e1lisis:<\/p>\n","protected":false},"author":1,"featured_media":0,"parent":795,"menu_order":0,"comment_status":"closed","ping_status":"closed","template":"","meta":{"_acf_changed":false,"footnotes":""},"class_list":["post-916","page","type-page","status-publish","hentry"],"acf":[],"_links":{"self":[{"href":"https:\/\/icitech.webs.upv.es\/index.php\/wp-json\/wp\/v2\/pages\/916","targetHints":{"allow":["GET"]}}],"collection":[{"href":"https:\/\/icitech.webs.upv.es\/index.php\/wp-json\/wp\/v2\/pages"}],"about":[{"href":"https:\/\/icitech.webs.upv.es\/index.php\/wp-json\/wp\/v2\/types\/page"}],"author":[{"embeddable":true,"href":"https:\/\/icitech.webs.upv.es\/index.php\/wp-json\/wp\/v2\/users\/1"}],"replies":[{"embeddable":true,"href":"https:\/\/icitech.webs.upv.es\/index.php\/wp-json\/wp\/v2\/comments?post=916"}],"version-history":[{"count":0,"href":"https:\/\/icitech.webs.upv.es\/index.php\/wp-json\/wp\/v2\/pages\/916\/revisions"}],"up":[{"embeddable":true,"href":"https:\/\/icitech.webs.upv.es\/index.php\/wp-json\/wp\/v2\/pages\/795"}],"wp:attachment":[{"href":"https:\/\/icitech.webs.upv.es\/index.php\/wp-json\/wp\/v2\/media?parent=916"}],"curies":[{"name":"wp","href":"https:\/\/api.w.org\/{rel}","templated":true}]}}