{"id":919,"date":"2020-03-12T09:32:43","date_gmt":"2020-03-12T09:32:43","guid":{"rendered":"https:\/\/icitech.webs.upv.es\/?page_id=919"},"modified":"2024-06-21T09:39:23","modified_gmt":"2024-06-21T09:39:23","slug":"laboratorio-de-materiales","status":"publish","type":"page","link":"https:\/\/icitech.webs.upv.es\/index.php\/home\/laboratorio-de-materiales\/","title":{"rendered":"Laboratorio de Materiales"},"content":{"rendered":"<div><ss3-force-full-width data-overflow-x=\"body\" data-horizontal-selector=\"body\"><div class=\"n2-section-smartslider fitvidsignore \" data-ssid=\"8\" tabindex=\"0\" role=\"region\" aria-label=\"Slider\"><div id=\"n2-ss-8-align\" class=\"n2-ss-align\"><div class=\"n2-padding\"><div id=\"n2-ss-8\" data-creator=\"Smart Slider 3\" data-responsive=\"fullwidth\" class=\"n2-ss-slider n2-ow n2-has-hover n2notransition  \">\n        <div class=\"n2-ss-slider-1 n2_ss__touch_element n2-ow\">\n            <div class=\"n2-ss-slider-2 n2-ow\">\n                                                <div class=\"n2-ss-slider-3 n2-ow\">\n\n                    <div class=\"n2-ss-slide-backgrounds n2-ow-all\"><div class=\"n2-ss-slide-background\" data-public-id=\"1\" data-mode=\"fill\"><div class=\"n2-ss-slide-background-image\" data-blur=\"0\" data-opacity=\"100\" data-x=\"50\" data-y=\"50\" data-alt=\"\" data-title=\"\"><picture class=\"skip-lazy\" data-skip-lazy=\"1\"><img decoding=\"async\" src=\"\/\/icitech.webs.upv.es\/wp-content\/uploads\/2020\/03\/21-1.jpg\" alt=\"\" title=\"\" loading=\"lazy\" class=\"skip-lazy\" data-skip-lazy=\"1\"><\/picture><\/div><div data-color=\"RGBA(255,255,255,0)\" style=\"background-color: RGBA(255,255,255,0);\" class=\"n2-ss-slide-background-color\"><\/div><\/div><\/div>                    <div class=\"n2-ss-slider-4 n2-ow\">\n                        <svg xmlns=\"http:\/\/www.w3.org\/2000\/svg\" viewBox=\"0 0 1200 200\" data-related-device=\"desktopPortrait\" class=\"n2-ow n2-ss-preserve-size n2-ss-preserve-size--slider n2-ss-slide-limiter\"><\/svg><div data-first=\"1\" data-slide-duration=\"0\" data-id=\"13\" data-slide-public-id=\"1\" data-title=\"MATERIALES\" class=\"n2-ss-slide n2-ow  n2-ss-slide-13\"><div role=\"note\" class=\"n2-ss-slide--focus\" tabindex=\"-1\">MATERIALES<\/div><div class=\"n2-ss-layers-container n2-ss-slide-limiter n2-ow\"><div class=\"n2-ss-layer n2-ow n-uc-IwhU88o2uyv4\" data-sstype=\"slide\" data-pm=\"default\"><\/div><\/div><\/div>                    <\/div>\n\n                                    <\/div>\n            <\/div>\n        <\/div>\n        <\/div><ss3-loader><\/ss3-loader><\/div><\/div><div class=\"n2_clear\"><\/div><\/div><\/ss3-force-full-width><\/div>\n\n\n<div style=\"height:80px\" aria-hidden=\"true\" class=\"wp-block-spacer\"><\/div>\n\n\n\n<h1 class=\"wp-block-heading has-vivid-red-color has-text-color\"><strong>LABORATORIO DE MATERIALES<\/strong><\/h1>\n\n\n\n<p>El Laboratorio dispone de:<\/p>\n\n\n\n<ul class=\"wp-block-list\">\n<li>Equipamiento de ensayos est\u00e1ndar de cementos, \u00e1ridos, aceros y hormigones.<\/li>\n\n\n\n<li>Amasadoras de hormig\u00f3n de 30 a 250 l.<\/li>\n\n\n\n<li>Prensas de compresi\u00f3n de hasta 300 toneladas (3000 kN).<\/li>\n\n\n\n<li>C\u00e1maras clim\u00e1ticas de gran capacidad, adaptaci\u00f3n para trabajos con hormigones especiales (hormig\u00f3n con fibras, autocompactante, y hormigones de alta y muy alta resistencia).<\/li>\n\n\n\n<li>Sistema de medici\u00f3n de efectos a altas temperaturas.<\/li>\n<\/ul>\n\n\n\n<div style=\"height:40px\" aria-hidden=\"true\" class=\"wp-block-spacer\"><\/div>\n\n\n\n<figure class=\"wp-block-gallery has-nested-images columns-4 is-cropped wp-block-gallery-1 is-layout-flex wp-block-gallery-is-layout-flex\">\n<figure class=\"wp-block-image size-full\"><img loading=\"lazy\" decoding=\"async\" width=\"1013\" height=\"675\" data-id=\"4475\" src=\"https:\/\/icitech.webs.upv.es\/wp-content\/uploads\/2024\/06\/Analisis-de-materiales.webp\" alt=\"An\u00e1lisis de materiales\" class=\"wp-image-4475\" srcset=\"https:\/\/icitech.webs.upv.es\/wp-content\/uploads\/2024\/06\/Analisis-de-materiales.webp 1013w, https:\/\/icitech.webs.upv.es\/wp-content\/uploads\/2024\/06\/Analisis-de-materiales-300x200.webp 300w, https:\/\/icitech.webs.upv.es\/wp-content\/uploads\/2024\/06\/Analisis-de-materiales-768x512.webp 768w, https:\/\/icitech.webs.upv.es\/wp-content\/uploads\/2024\/06\/Analisis-de-materiales-570x380.webp 570w, https:\/\/icitech.webs.upv.es\/wp-content\/uploads\/2024\/06\/Analisis-de-materiales-380x254.webp 380w, https:\/\/icitech.webs.upv.es\/wp-content\/uploads\/2024\/06\/Analisis-de-materiales-285x190.webp 285w\" sizes=\"auto, (max-width: 1013px) 100vw, 1013px\" \/><\/figure>\n\n\n\n<figure class=\"wp-block-image size-full\"><img loading=\"lazy\" decoding=\"async\" width=\"1013\" height=\"675\" data-id=\"4476\" src=\"https:\/\/icitech.webs.upv.es\/wp-content\/uploads\/2024\/06\/Laboratorio.webp\" alt=\"Laboratorio\" class=\"wp-image-4476\" srcset=\"https:\/\/icitech.webs.upv.es\/wp-content\/uploads\/2024\/06\/Laboratorio.webp 1013w, https:\/\/icitech.webs.upv.es\/wp-content\/uploads\/2024\/06\/Laboratorio-300x200.webp 300w, https:\/\/icitech.webs.upv.es\/wp-content\/uploads\/2024\/06\/Laboratorio-768x512.webp 768w, https:\/\/icitech.webs.upv.es\/wp-content\/uploads\/2024\/06\/Laboratorio-570x380.webp 570w, https:\/\/icitech.webs.upv.es\/wp-content\/uploads\/2024\/06\/Laboratorio-380x254.webp 380w, https:\/\/icitech.webs.upv.es\/wp-content\/uploads\/2024\/06\/Laboratorio-285x190.webp 285w\" sizes=\"auto, (max-width: 1013px) 100vw, 1013px\" \/><\/figure>\n\n\n\n<figure class=\"wp-block-image size-full\"><img loading=\"lazy\" decoding=\"async\" width=\"1013\" height=\"675\" data-id=\"4478\" src=\"https:\/\/icitech.webs.upv.es\/wp-content\/uploads\/2024\/06\/Maquinas-de-pruebas.webp\" alt=\"M\u00e1quinas de pruebas\" class=\"wp-image-4478\" srcset=\"https:\/\/icitech.webs.upv.es\/wp-content\/uploads\/2024\/06\/Maquinas-de-pruebas.webp 1013w, https:\/\/icitech.webs.upv.es\/wp-content\/uploads\/2024\/06\/Maquinas-de-pruebas-300x200.webp 300w, https:\/\/icitech.webs.upv.es\/wp-content\/uploads\/2024\/06\/Maquinas-de-pruebas-768x512.webp 768w, https:\/\/icitech.webs.upv.es\/wp-content\/uploads\/2024\/06\/Maquinas-de-pruebas-570x380.webp 570w, https:\/\/icitech.webs.upv.es\/wp-content\/uploads\/2024\/06\/Maquinas-de-pruebas-380x254.webp 380w, https:\/\/icitech.webs.upv.es\/wp-content\/uploads\/2024\/06\/Maquinas-de-pruebas-285x190.webp 285w\" sizes=\"auto, (max-width: 1013px) 100vw, 1013px\" \/><\/figure>\n\n\n\n<figure class=\"wp-block-image size-full\"><img loading=\"lazy\" decoding=\"async\" width=\"1013\" height=\"675\" data-id=\"4479\" src=\"https:\/\/icitech.webs.upv.es\/wp-content\/uploads\/2024\/06\/Laboratorio-de-materiales.webp\" alt=\"Laboratorio de materiales\" class=\"wp-image-4479\" srcset=\"https:\/\/icitech.webs.upv.es\/wp-content\/uploads\/2024\/06\/Laboratorio-de-materiales.webp 1013w, https:\/\/icitech.webs.upv.es\/wp-content\/uploads\/2024\/06\/Laboratorio-de-materiales-300x200.webp 300w, https:\/\/icitech.webs.upv.es\/wp-content\/uploads\/2024\/06\/Laboratorio-de-materiales-768x512.webp 768w, https:\/\/icitech.webs.upv.es\/wp-content\/uploads\/2024\/06\/Laboratorio-de-materiales-570x380.webp 570w, https:\/\/icitech.webs.upv.es\/wp-content\/uploads\/2024\/06\/Laboratorio-de-materiales-380x254.webp 380w, https:\/\/icitech.webs.upv.es\/wp-content\/uploads\/2024\/06\/Laboratorio-de-materiales-285x190.webp 285w\" sizes=\"auto, (max-width: 1013px) 100vw, 1013px\" \/><\/figure>\n<\/figure>\n\n\n\n<div style=\"height:80px\" aria-hidden=\"true\" class=\"wp-block-spacer\"><\/div>\n","protected":false},"excerpt":{"rendered":"<p>LABORATORIO DE MATERIALES El Laboratorio dispone de:<\/p>\n","protected":false},"author":1,"featured_media":0,"parent":795,"menu_order":0,"comment_status":"closed","ping_status":"closed","template":"","meta":{"_acf_changed":false,"footnotes":""},"class_list":["post-919","page","type-page","status-publish","hentry"],"acf":[],"_links":{"self":[{"href":"https:\/\/icitech.webs.upv.es\/index.php\/wp-json\/wp\/v2\/pages\/919","targetHints":{"allow":["GET"]}}],"collection":[{"href":"https:\/\/icitech.webs.upv.es\/index.php\/wp-json\/wp\/v2\/pages"}],"about":[{"href":"https:\/\/icitech.webs.upv.es\/index.php\/wp-json\/wp\/v2\/types\/page"}],"author":[{"embeddable":true,"href":"https:\/\/icitech.webs.upv.es\/index.php\/wp-json\/wp\/v2\/users\/1"}],"replies":[{"embeddable":true,"href":"https:\/\/icitech.webs.upv.es\/index.php\/wp-json\/wp\/v2\/comments?post=919"}],"version-history":[{"count":0,"href":"https:\/\/icitech.webs.upv.es\/index.php\/wp-json\/wp\/v2\/pages\/919\/revisions"}],"up":[{"embeddable":true,"href":"https:\/\/icitech.webs.upv.es\/index.php\/wp-json\/wp\/v2\/pages\/795"}],"wp:attachment":[{"href":"https:\/\/icitech.webs.upv.es\/index.php\/wp-json\/wp\/v2\/media?parent=919"}],"curies":[{"name":"wp","href":"https:\/\/api.w.org\/{rel}","templated":true}]}}