{"id":921,"date":"2020-03-12T09:33:11","date_gmt":"2020-03-12T09:33:11","guid":{"rendered":"https:\/\/icitech.webs.upv.es\/?page_id=921"},"modified":"2024-06-27T14:30:37","modified_gmt":"2024-06-27T14:30:37","slug":"asesoria-consultoria-2","status":"publish","type":"page","link":"https:\/\/icitech.webs.upv.es\/index.php\/home\/asesoria-consultoria-2\/","title":{"rendered":"Asesor\u00eda\/Consultor\u00eda"},"content":{"rendered":"<div><ss3-force-full-width data-overflow-x=\"body\" data-horizontal-selector=\"body\"><div class=\"n2-section-smartslider fitvidsignore \" data-ssid=\"9\" tabindex=\"0\" role=\"region\" aria-label=\"Slider\"><div id=\"n2-ss-9-align\" class=\"n2-ss-align\"><div class=\"n2-padding\"><div id=\"n2-ss-9\" data-creator=\"Smart Slider 3\" data-responsive=\"fullwidth\" class=\"n2-ss-slider n2-ow n2-has-hover n2notransition  \">\n        <div class=\"n2-ss-slider-1 n2_ss__touch_element n2-ow\">\n            <div class=\"n2-ss-slider-2 n2-ow\">\n                                                <div class=\"n2-ss-slider-3 n2-ow\">\n\n                    <div class=\"n2-ss-slide-backgrounds n2-ow-all\"><div class=\"n2-ss-slide-background\" data-public-id=\"1\" data-mode=\"fill\"><div class=\"n2-ss-slide-background-image\" data-blur=\"0\" data-opacity=\"100\" data-x=\"50\" data-y=\"50\" data-alt=\"\" data-title=\"\"><picture class=\"skip-lazy\" data-skip-lazy=\"1\"><img decoding=\"async\" src=\"\/\/icitech.webs.upv.es\/wp-content\/uploads\/2020\/03\/U0722472.jpg\" alt=\"\" title=\"\" loading=\"lazy\" class=\"skip-lazy\" data-skip-lazy=\"1\"><\/picture><\/div><div data-color=\"RGBA(255,255,255,0)\" style=\"background-color: RGBA(255,255,255,0);\" class=\"n2-ss-slide-background-color\"><\/div><\/div><\/div>                    <div class=\"n2-ss-slider-4 n2-ow\">\n                        <svg xmlns=\"http:\/\/www.w3.org\/2000\/svg\" viewBox=\"0 0 1200 200\" data-related-device=\"desktopPortrait\" class=\"n2-ow n2-ss-preserve-size n2-ss-preserve-size--slider n2-ss-slide-limiter\"><\/svg><div data-first=\"1\" data-slide-duration=\"0\" data-id=\"14\" data-slide-public-id=\"1\" data-title=\"ASESOR\u00cdA\" class=\"n2-ss-slide n2-ow  n2-ss-slide-14\"><div role=\"note\" class=\"n2-ss-slide--focus\" tabindex=\"-1\">ASESOR\u00cdA<\/div><div class=\"n2-ss-layers-container n2-ss-slide-limiter n2-ow\"><div class=\"n2-ss-layer n2-ow n-uc-cna28xzual2C\" data-sstype=\"slide\" data-pm=\"default\"><\/div><\/div><\/div>                    <\/div>\n\n                                    <\/div>\n            <\/div>\n        <\/div>\n        <\/div><ss3-loader><\/ss3-loader><\/div><\/div><div class=\"n2_clear\"><\/div><\/div><\/ss3-force-full-width><\/div>\n\n\n<div style=\"height:80px\" aria-hidden=\"true\" class=\"wp-block-spacer\"><\/div>\n\n\n\n<h1 class=\"wp-block-heading has-vivid-red-color has-text-color\"><strong>ASESOR\u00cdA\/CONSULTOR\u00cdA<\/strong><\/h1>\n\n\n\n<p>El Instituto presenta tambi\u00e9n servicio de asesor\u00eda y consultor\u00eda a empresas e instituciones en las siguientes \u00e1reas:<\/p>\n\n\n\n<ul class=\"wp-block-list\">\n<li>Caracterizaci\u00f3n del hormig\u00f3n y sus constituyentes.<\/li>\n\n\n\n<li>An\u00e1lisis experimental del comportamiento de elementos estructurales.<\/li>\n\n\n\n<li>Caracterizaci\u00f3n de residuos y sedimentos.<\/li>\n\n\n\n<li>Patolog\u00eda y rehabilitaci\u00f3n de estructuras.<\/li>\n\n\n\n<li>Modelizaci\u00f3n num\u00e9rica de estructuras<\/li>\n<\/ul>\n\n\n\n<div style=\"height:40px\" aria-hidden=\"true\" class=\"wp-block-spacer\"><\/div>\n\n\n\n<figure class=\"wp-block-gallery has-nested-images columns-4 is-cropped wp-block-gallery-1 is-layout-flex wp-block-gallery-is-layout-flex\">\n<figure class=\"wp-block-image size-full\"><img loading=\"lazy\" decoding=\"async\" width=\"1013\" height=\"675\" data-id=\"4469\" src=\"https:\/\/icitech.webs.upv.es\/wp-content\/uploads\/2024\/06\/Asesoria-ICITECH.webp\" alt=\"Asesor\u00eda ICITECH\" class=\"wp-image-4469\" srcset=\"https:\/\/icitech.webs.upv.es\/wp-content\/uploads\/2024\/06\/Asesoria-ICITECH.webp 1013w, https:\/\/icitech.webs.upv.es\/wp-content\/uploads\/2024\/06\/Asesoria-ICITECH-300x200.webp 300w, https:\/\/icitech.webs.upv.es\/wp-content\/uploads\/2024\/06\/Asesoria-ICITECH-768x512.webp 768w, https:\/\/icitech.webs.upv.es\/wp-content\/uploads\/2024\/06\/Asesoria-ICITECH-570x380.webp 570w, https:\/\/icitech.webs.upv.es\/wp-content\/uploads\/2024\/06\/Asesoria-ICITECH-380x254.webp 380w, https:\/\/icitech.webs.upv.es\/wp-content\/uploads\/2024\/06\/Asesoria-ICITECH-285x190.webp 285w\" sizes=\"auto, (max-width: 1013px) 100vw, 1013px\" \/><\/figure>\n\n\n\n<figure class=\"wp-block-image size-full\"><img loading=\"lazy\" decoding=\"async\" width=\"1013\" height=\"675\" data-id=\"4471\" src=\"https:\/\/icitech.webs.upv.es\/wp-content\/uploads\/2024\/06\/U0722470.webp\" alt=\"Consultor\u00eda ICITECH\" class=\"wp-image-4471\" srcset=\"https:\/\/icitech.webs.upv.es\/wp-content\/uploads\/2024\/06\/U0722470.webp 1013w, https:\/\/icitech.webs.upv.es\/wp-content\/uploads\/2024\/06\/U0722470-300x200.webp 300w, https:\/\/icitech.webs.upv.es\/wp-content\/uploads\/2024\/06\/U0722470-768x512.webp 768w, https:\/\/icitech.webs.upv.es\/wp-content\/uploads\/2024\/06\/U0722470-570x380.webp 570w, https:\/\/icitech.webs.upv.es\/wp-content\/uploads\/2024\/06\/U0722470-380x254.webp 380w, https:\/\/icitech.webs.upv.es\/wp-content\/uploads\/2024\/06\/U0722470-285x190.webp 285w\" sizes=\"auto, (max-width: 1013px) 100vw, 1013px\" \/><\/figure>\n\n\n\n<figure class=\"wp-block-image size-full\"><img loading=\"lazy\" decoding=\"async\" width=\"1013\" height=\"675\" data-id=\"4472\" src=\"https:\/\/icitech.webs.upv.es\/wp-content\/uploads\/2024\/06\/Analisis-Experimental.webp\" alt=\"An\u00e1lisis Experimental\" class=\"wp-image-4472\" srcset=\"https:\/\/icitech.webs.upv.es\/wp-content\/uploads\/2024\/06\/Analisis-Experimental.webp 1013w, https:\/\/icitech.webs.upv.es\/wp-content\/uploads\/2024\/06\/Analisis-Experimental-300x200.webp 300w, https:\/\/icitech.webs.upv.es\/wp-content\/uploads\/2024\/06\/Analisis-Experimental-768x512.webp 768w, https:\/\/icitech.webs.upv.es\/wp-content\/uploads\/2024\/06\/Analisis-Experimental-570x380.webp 570w, https:\/\/icitech.webs.upv.es\/wp-content\/uploads\/2024\/06\/Analisis-Experimental-380x254.webp 380w, https:\/\/icitech.webs.upv.es\/wp-content\/uploads\/2024\/06\/Analisis-Experimental-285x190.webp 285w\" sizes=\"auto, (max-width: 1013px) 100vw, 1013px\" \/><\/figure>\n\n\n\n<figure class=\"wp-block-image size-full\"><img loading=\"lazy\" decoding=\"async\" width=\"1013\" height=\"675\" data-id=\"4473\" src=\"https:\/\/icitech.webs.upv.es\/wp-content\/uploads\/2024\/06\/Caracterizacion-de-residuos.webp\" alt=\"Caracterizaci\u00f3n de residuos\" class=\"wp-image-4473\" srcset=\"https:\/\/icitech.webs.upv.es\/wp-content\/uploads\/2024\/06\/Caracterizacion-de-residuos.webp 1013w, https:\/\/icitech.webs.upv.es\/wp-content\/uploads\/2024\/06\/Caracterizacion-de-residuos-300x200.webp 300w, https:\/\/icitech.webs.upv.es\/wp-content\/uploads\/2024\/06\/Caracterizacion-de-residuos-768x512.webp 768w, https:\/\/icitech.webs.upv.es\/wp-content\/uploads\/2024\/06\/Caracterizacion-de-residuos-570x380.webp 570w, https:\/\/icitech.webs.upv.es\/wp-content\/uploads\/2024\/06\/Caracterizacion-de-residuos-380x254.webp 380w, https:\/\/icitech.webs.upv.es\/wp-content\/uploads\/2024\/06\/Caracterizacion-de-residuos-285x190.webp 285w\" sizes=\"auto, (max-width: 1013px) 100vw, 1013px\" \/><\/figure>\n<\/figure>\n\n\n\n<div style=\"height:80px\" aria-hidden=\"true\" class=\"wp-block-spacer\"><\/div>\n","protected":false},"excerpt":{"rendered":"<p>ASESOR\u00cdA\/CONSULTOR\u00cdA El Instituto presenta tambi\u00e9n servicio de asesor\u00eda y consultor\u00eda a empresas e instituciones en las siguientes \u00e1reas:<\/p>\n","protected":false},"author":1,"featured_media":0,"parent":795,"menu_order":0,"comment_status":"closed","ping_status":"closed","template":"","meta":{"_acf_changed":false,"footnotes":""},"class_list":["post-921","page","type-page","status-publish","hentry"],"acf":[],"_links":{"self":[{"href":"https:\/\/icitech.webs.upv.es\/index.php\/wp-json\/wp\/v2\/pages\/921","targetHints":{"allow":["GET"]}}],"collection":[{"href":"https:\/\/icitech.webs.upv.es\/index.php\/wp-json\/wp\/v2\/pages"}],"about":[{"href":"https:\/\/icitech.webs.upv.es\/index.php\/wp-json\/wp\/v2\/types\/page"}],"author":[{"embeddable":true,"href":"https:\/\/icitech.webs.upv.es\/index.php\/wp-json\/wp\/v2\/users\/1"}],"replies":[{"embeddable":true,"href":"https:\/\/icitech.webs.upv.es\/index.php\/wp-json\/wp\/v2\/comments?post=921"}],"version-history":[{"count":0,"href":"https:\/\/icitech.webs.upv.es\/index.php\/wp-json\/wp\/v2\/pages\/921\/revisions"}],"up":[{"embeddable":true,"href":"https:\/\/icitech.webs.upv.es\/index.php\/wp-json\/wp\/v2\/pages\/795"}],"wp:attachment":[{"href":"https:\/\/icitech.webs.upv.es\/index.php\/wp-json\/wp\/v2\/media?parent=921"}],"curies":[{"name":"wp","href":"https:\/\/api.w.org\/{rel}","templated":true}]}}